{"id":572,"date":"2025-11-24T15:13:30","date_gmt":"2025-11-24T15:13:30","guid":{"rendered":"https:\/\/157.edukovac.xyz\/?page_id=572"},"modified":"2025-11-25T21:39:48","modified_gmt":"2025-11-25T21:39:48","slug":"572-2","status":"publish","type":"page","link":"https:\/\/157.edukovac.xyz\/index.php\/572-2\/","title":{"rendered":"O nama"},"content":{"rendered":"\t\t<div data-elementor-type=\"wp-page\" data-elementor-id=\"572\" class=\"elementor elementor-572\" data-elementor-post-type=\"page\">\n\t\t\t\t<div class=\"elementor-element elementor-element-e0c8271 e-flex e-con-boxed e-con e-parent\" data-id=\"e0c8271\" data-element_type=\"container\" data-settings=\"{&quot;background_background&quot;:&quot;gradient&quot;}\">\n\t\t\t\t\t<div class=\"e-con-inner\">\n\t\t\t\t<div class=\"elementor-element elementor-element-2a1ed69a elementor-widget elementor-widget-text-editor\" data-id=\"2a1ed69a\" data-element_type=\"widget\" data-widget_type=\"text-editor.default\">\n\t\t\t\t\t\t\t\t\t\n<h3 class=\"wp-block-heading\"><strong>Na\u0161a mala pekara \u2013 pri\u010da o nastanku<\/strong><\/h3>\n\n\n\n<p>\u201eNa\u0161a mala pekara\u201c nastala je iz jednostavne ideje \u2013 da se svakog jutra \u0161iri miris toplog hleba i doma\u0107ih peciva, ba\u0161 onako kako pamtimo iz detinjstva. Osnivanje pekare bilo je spoj ljubavi prema tradicionalnim receptima i \u017eelje da se u lokalnu zajednicu unese malo topline, kvaliteta i iskrenog rada.<\/p>\n\n\n\n<p>Od samog po\u010detka cilj je bio jasan: praviti proizvode ru\u010dno, pa\u017eljivo i s po\u0161tovanjem prema svakom sastojku. Zato su birane samo kvalitetne sirovine, provereni dobavlja\u010di i stare, proverene metode pripreme testa. \u201eNa\u0161a mala pekara\u201c po\u010dela je kao porodi\u010dni posao \u2013 skroman, ali sa velikim srcem, gde se svaki hleb mesi s pa\u017enjom, a svako pecivo pravi tako da bude sve\u017ee, mekano i ukusno.<\/p>\n\n\n\n<p>Postepeno, oko pekare se stvorila mala zajednica zadovoljnih kupaca. Ljudi su dolazili ne samo po proizvode, ve\u0107 i po ose\u0107aj doma\u0107e atmosfere i ljubaznog razgovora. Time je \u201eNa\u0161a mala pekara\u201c postala vi\u0161e od posla \u2013 postala je mesto okupljanja, deo svakodnevice i simbol poverenja.<\/p>\n\n\n\n<p>Danas, pekara nastavlja da raste, ali zadr\u017eava svoju prvobitnu ideju: da svakom kupcu pru\u017ei jednostavno zadovoljstvo \u2013 toplu, mirisnu i pravu doma\u0107u ukusnu pekarsku tradiciju.<\/p>\n\n\n\n<figure class=\"wp-block-image size-full\"><img fetchpriority=\"high\" decoding=\"async\" width=\"1024\" height=\"768\" src=\"http:\/\/157.edukovac.xyz\/wp-content\/uploads\/2025\/11\/image.png\" alt=\"\" class=\"wp-image-647\" srcset=\"https:\/\/157.edukovac.xyz\/wp-content\/uploads\/2025\/11\/image.png 1024w, https:\/\/157.edukovac.xyz\/wp-content\/uploads\/2025\/11\/image-300x225.png 300w, https:\/\/157.edukovac.xyz\/wp-content\/uploads\/2025\/11\/image-768x576.png 768w, https:\/\/157.edukovac.xyz\/wp-content\/uploads\/2025\/11\/image-600x450.png 600w\" sizes=\"(max-width: 1024px) 100vw, 1024px\" \/><\/figure>\n\t\t\t\t\t\t\t\t<\/div>\n\t\t\t\t\t<\/div>\n\t\t\t\t<\/div>\n\t\t\t\t<\/div>\n\t\t","protected":false},"excerpt":{"rendered":"<p>Na\u0161a mala pekara \u2013 pri\u010da o nastanku \u201eNa\u0161a mala pekara\u201c nastala je iz jednostavne ideje \u2013 da se svakog jutra \u0161iri miris toplog hleba i doma\u0107ih peciva, ba\u0161 onako kako pamtimo iz detinjstva. Osnivanje pekare bilo je spoj ljubavi prema tradicionalnim receptima i \u017eelje da se u lokalnu zajednicu unese malo topline, kvaliteta i iskrenog [&hellip;]<\/p>\n","protected":false},"author":1,"featured_media":0,"parent":0,"menu_order":0,"comment_status":"closed","ping_status":"closed","template":"elementor_canvas","meta":{"footnotes":""},"class_list":["post-572","page","type-page","status-publish","hentry"],"jetpack_sharing_enabled":true,"_links":{"self":[{"href":"https:\/\/157.edukovac.xyz\/index.php\/wp-json\/wp\/v2\/pages\/572","targetHints":{"allow":["GET"]}}],"collection":[{"href":"https:\/\/157.edukovac.xyz\/index.php\/wp-json\/wp\/v2\/pages"}],"about":[{"href":"https:\/\/157.edukovac.xyz\/index.php\/wp-json\/wp\/v2\/types\/page"}],"author":[{"embeddable":true,"href":"https:\/\/157.edukovac.xyz\/index.php\/wp-json\/wp\/v2\/users\/1"}],"replies":[{"embeddable":true,"href":"https:\/\/157.edukovac.xyz\/index.php\/wp-json\/wp\/v2\/comments?post=572"}],"version-history":[{"count":7,"href":"https:\/\/157.edukovac.xyz\/index.php\/wp-json\/wp\/v2\/pages\/572\/revisions"}],"predecessor-version":[{"id":1028,"href":"https:\/\/157.edukovac.xyz\/index.php\/wp-json\/wp\/v2\/pages\/572\/revisions\/1028"}],"wp:attachment":[{"href":"https:\/\/157.edukovac.xyz\/index.php\/wp-json\/wp\/v2\/media?parent=572"}],"curies":[{"name":"wp","href":"https:\/\/api.w.org\/{rel}","templated":true}]}}